
Calculate the remainder when 159131 is divided by 75.
56
Calculate the remainder when 758483 is divided by 30316.
583
Calculate the remainder when 521259 is divided by 778.
777
Calculate the remainder when 163197 is divided by 2146.
101
What is the remainder when 3526314 is divided by 503759?
1
What is the remainder when 10862 is divided by 9315?
1547
What is the remainder when 14480 is divided by 552?
128
What is the remainder when 1301206 is divided by 162529?
974
Calculate the remainder when 665732 is divided by 2020.
1152
Calculate the remainder when 26656 is divided by 6663.
4
What is the remainder when 880085 is divided by 51?
29
Calculate the remainder when 12946321 is divided by 562883.
12
What is the remainder when 30987 is divided by 22056?
8931
What is the remainder when 726169 is divided by 2401?
1067
What is the remainder when 34131768 is divided by 959?
958
Calculate the remainder when 241278335 is divided by 416.
415
Calculate the remainder when 61567599 is divided by 80.
79
Calculate the remainder when 3223309 is divided by 91.
89
Calculate the remainder when 41567 is divided by 41477.
90
Calculate the remainder when 17236554 is divided by 1325888.
10
Calculate the remainder when 161943887 is divided by 277.
269
Calculate the remainder when 31955 is divided by 15645.
665
Calculate the remainder when 8373017 is divided by 15828.
5
Calculate the remainder when 65755 is divided by 8218.
11
What is the remainder when 155863283 is divided by 614?
611
Calculate the remainder when 6371656 is divided by 2874.
2872
What is the remainder when 350578285 is divided by 4603?
4599
Calculate the remainder when 147465 is divided by 4095.
45
Calculate the remainder when 1973001 is divided by 20552.
9
What is the remainder when 47594221 is divided by 46661?
1
Calculate the remainder when 181653 is divided by 2595.
3
What is the remainder when 96512 is divided by 3246?
2378
Calculate the remainder when 9399 is divided by 9381.
18
Calculate the remainder when 1324980 is divided by 73610.
0
What is the remainder when 371030 is divided by 92301?
1826
What is the remainder when 45221798 is divided by 16755?
53
What is the remainder when 38093 is divided by 18988?
117
What is the remainder when 36014143 is divided by 174?
145
Calculate the remainder when 746519 is divided by 3809.
3764
What is the remainder when 33320650 is divided by 3?
1
What is the remainder when 72483 is divided by 34278?
3927
What is the remainder when 88265086 is divided by 204?
202
Calculate the remainder when 34708 is divided by 17198.
312
Calculate the remainder when 2703424 is divided by 148.
56
Calculate the remainder when 61066 is divided by 1160.
746
What is the remainder when 7899936 is divided by 315995?
61
What is the remainder when 9155114 is divided by 4577537?
40
What is the remainder when 18599002 is divided by 99?
70
What is the remainder when 2463364 is divided by 700?
64
What is the remainder when 105737921 is divided by 35245968?
17
What is the remainder when 1003318404 is divided by 38?
34
What is the remainder when 7104 is divided by 1741?
140
Calculate the remainder when 34363292 is divided by 636357.
14
Calculate the remainder when 104760 is divided by 806.
786
Calculate the remainder when 11588586 is divided by 11.
9
What is the remainder when 417694687 is divided by 302?
299
What is the remainder when 126732 is divided by 42238?
18
Calculate the remainder when 3439 is divided by 1619.
201
What is the remainder when 61893899 is divided by 180?
179
What is the remainder when 104843942 is divided by 277?
273
Calculate the remainder when 107806069 is divided by 106004.
1
Calculate the remainder when 1202639 is divided by 315.
284
What is the remainder when 1211197575 is divided by 9335?
9330
What is the remainder when 218386 is divided by 2427?
2383
What is the remainder when 324952 is divided by 2777?
43
Calculate the remainder when 237043197 is divided by 15.
12
Calculate the remainder when 164391947 is divided by 113.
112
What is the remainder when 50247510 is divided by 5396?
5354
What is the remainder when 8640188 is divided by 81?
80
Calculate the remainder when 127664 is divided by 31403.
2052
Calculate the remainder when 1960374 is divided by 249.
246
What is the remainder when 741100 is divided by 1812?
1804
Calculate the remainder when 1195900 is divided by 1224.
52
What is the remainder when 15777006 is divided by 23?
18
What is the remainder when 18344650 is divided by 1159?
1157
What is the remainder when 87198 is divided by 28878?
564
What is the remainder when 568580 is divided by 142132?
52
Calculate the remainder when 2726188 is divided by 383.
377
What is the remainder when 76120 is divided by 4016?
3832
Calculate the remainder when 1510246 is divided by 751.
736
Calculate the remainder when 80620 is divided by 80463.
157
What is the remainder when 101724 is divided by 47460?
6804
Calculate the remainder when 697408 is divided by 2768.
2640
Calculate the remainder when 11232991 is divided by 478.
469
What is the remainder when 166015 is divided by 2938?
1487
What is the remainder when 27107899 is divided by 158?
155
Calculate the remainder when 43830383 is divided by 1588.
1583
Calculate the remainder when 3697334 is divided by 751.
161
What is the remainder when 333675 is divided by 80?
75
What is the remainder when 3059583 is divided by 36?
15
What is the remainder when 1010999 is divided by 876?
95
Calculate the remainder when 4748057 is divided by 47010.
47
What is the remainder when 27953463 is divided by 308?
307
Calculate the remainder when 344561 is divided by 151.
130
Calculate the remainder when 64499853 is divided by 3251.
13
What is the remainder when 234773 is divided by 592?
341
Calculate the remainder when 1077941 is divided by 134738.
37
What is the remainder when 75628103 is divided by 37814036?
31
What is the remainder when 4220464 is divided by 2737?
10
Calculate the remainder when 29503 is divided by 2299.
1915
Calculate the remainder when 1481259 is divided by 1507.
1385
Calculate the remainder when 50782 is divided by 4416.
2206
Calculate the remainder when 188949341 is divided by 157.
155
What is the remainder when 7396724 is divided by 2465563?
35
What is the remainder when 35670 is divided by 4922?
1216
What is the remainder when 15086325 is divided by 541?
540
Calculate the remainder when 658347 is divided by 8030.
7917
What is the remainder when 237328098 is divided by 118664049?
0
Calculate the remainder when 9024670 is divided by 9024590.
80
What is the remainder when 5633546 is divided by 2925?
2921
What is the remainder when 5150767 is divided by 1661?
6
Calculate the remainder when 510900 is divided by 89.
40
Calculate the remainder when 437743789 is divided by 19.
15
What is the remainder when 268129 is divided by 1625?
4
Calculate the remainder when 825872 is divided by 2532.
440
What is the remainder when 956804 is divided by 956776?
28
Calculate the remainder when 21883322 is divided by 2835.
2792
Calculate the remainder when 359108190 is divided by 16.
14
Calculate the remainder when 63583 is divided by 10060.
3223
What is the remainder when 95343587 is divided by 163?
160
Calculate the remainder when 26473 is divided by 13056.
361
What is the remainder when 809741 is divided by 161917?
156
Calculate the remainder when 24799302 is divided by 4959855.
27
What is the remainder when 13799819 is divided by 78?
59
What is the remainder when 74503339 is divided by 62819?
5
What is the remainder when 988019 is divided by 987913?
106
Calculate the remainder when 623912 is divided by 47.
34
What is the remainder when 3544582 is divided by 398?
392
What is the remainder when 166816 is divided by 8302?
776
What is the remainder when 1305498 is divided by 268?
70
Calculate the remainder when 58477988 is divided by 505.
503
What is the remainder when 1111327 is divided by 1110893?
434
Calculate the remainder when 154616 is divided by 25679.
542
What is the remainder when 960760 is divided by 120062?
264
What is the remainder when 1364805 is divided by 1364734?
71
Calculate the remainder when 87037 is divided by 4147.
4097
Calculate the remainder when 2902404 is divided by 542.
536
Calculate the remainder when 10